6*y - 84 - y**2 - 7*y - 34*y + 3. Let h be k(-21). Let n(d) = 2*d**2 - 5*d + 4. Give n(h).
7
Let o(q) = q**3 - 14*q**2 + 42*q - 207. Let w be o(12). Let i(s) = 2*s**2 - 7*s - 18. Determine i(w).
81
Suppose 2339*m - 48 = 2345*m. Let r(h) = -3*h - 12. Let g(d) = -2*d - 8. Let t(o) = 8*g(o) - 5*r(o). Calculate t(m).
4
Let k be 7 + (3 - 24/12). Let r(b) be the first derivative of -k - 8*b + 1/2*b**2. What is r(5)?
-3
Let n(y) = y**2 + 22*y + 123. Let o be 22/(-660)*242 + (-2)/(-30). What is n(o)?
11
Let i(z) be the second derivative of 1/12*z**4 + 0*z**2 + 0*z**3 + 3/10*z**5 - 16*z + 0. Determine i(1).
7
Suppose -11*j - 59042 + 59086 = 0. Let f(m) = -m**2 + 8*m - 28. What is f(j)?
-12
Let m be (56/35)/((-2)/(-10)). Suppose 0 = 4*d - m*d - 4*g + 180, -d + 51 = -2*g. Suppose -5*b - 4*k + d = 0, b + 5*k + 2 = 8*k. Let s(h) = -h + 12. Give s(b).
5
Let u = -87 - -87. Suppose 7*c - 292 - 114 = u. Let a(o) = o**2 + c - 115 + 57 - 6*o. Give a(7).
7
Let i(b) = -b**3 + 11*b**2 + 8*b + 7. Let p(u) = u**2 - 1. Let n(t) = i(t) - 4*p(t). Suppose -y + 5*d = 29, -2*d = -3*y - 57 - 69. Let s = y - -52. Give n(s).
11
Let o(d) = -5*d + 24. Let b(m) = -m + 2. Let n(q) = -8*q + 36. Let s(v) = -4*b(v) + n(v). Let a(r) = -6*o(r) + 5*s(r). Give a(1).
6
Let t(v) = 12*v**2 - 190*v - 36. Let m = 1143 + -1127. Give t(m).
-4
Let v(l) be the second derivative of -l**3 - 81*l**2/2 - 411*l. Determine v(-12).
-9
Let u be -1*(12 - 12)/(-9). Let s(h) be the second derivative of 7/6*h**3 - h**2 + 18*h - 1/12*h**4 + u. What is s(6)?
4
Let t = 0 - -4. Let b(d) be the second derivative of -d**5/60 + d**4/6 + d**3/3 + 34*d**2 - 10*d + 2. Let c(i) be the first derivative of b(i). Determine c(t).
2
Let b(y) = -y**3 + 25*y**2 + 30*y - 103. Let q(w) = -34*w**2 + 3841*w + 139. Let o be q(113). What is b(o)?
1
Let r(s) = 2*s + s + 0*s + 110 - 118. Suppose -2*j + 0*g = -4*g + 14, 4*g - 4 = 0. Let y(i) = -2*i + 4. Let t(f) = j*y(f) - 3*r(f). What is t(0)?
4
Suppose -43*m = 111 - 92 + 282. Let w(f) = 3*f**2 + 16*f + 1. Determine w(m).
36
Let d be ((-3)/(-3))/((-2)/(-6)). Suppose -d*z + 12 = -9. Let r(g) be the third derivative of g**6/120 - 7*g**5/60 + g**3/3 + 4882*g**2. Determine r(z).
2
Let a(f) = 26*f + 1749. Let b(u) = -27*u - 1517. Let s(r) = 5*a(r) + 6*b(r). Calculate s(-11).
-5
Let t(l) be the first derivative of l**6/120 + l**5/10 + l**4/8 - l**3/2 + 19*l**2/2 - 3*l + 163. Let x(c) be the second derivative of t(c). Determine x(-6).
-21
Let l be (-4)/3*6/4. Let p be (-2)/8 - l/8. Let t(v) = 24 - v**2 - 2253 + 2225 + v**3. Determine t(p).
-4
Let r = -197 + 221. Suppose -9*x + 87 - r = 0. Let j(h) = 5*h + 2. Calculate j(x).
37
Let v be (-34*(-18)/(-48))/(1/4). Let b = -16 - v. Suppose -5*f + 2 = -n - 33, -5*f - 3*n = -b. Let l(h) = h**2 - 8*h. What is l(f)?
-7
Let r(s) = -s**3 + 4*s - 1. Let u(z) = -z**2 + z + 1. Let x(b) = -r(b) + 5*u(b). Let p = -259580 - -259585. Give x(p).
11
Let r(h) = h - 4. Let q be r(6). Let m(z) = -3*z**2 - 143*z. Let u(a) = 9*a**2 + 642*a + 1. Let o(c) = -9*m(c) - 2*u(c). What is o(q)?
40
Let w(b) = 23*b**2 - 212*b + 49. Let u be w(9). Let x(m) be the first derivative of 7/2*m**2 + 1/3*m**3 + 35 - u*m. Calculate x(-7).
-4
Let p(l) = -l**3 - 50*l**2 + 49*l - 112. Let w be p(-51). Let n(u) be the second derivative of u**5/20 + 3*u**4/4 - 11*u**3/6 - 2*u**2 - 12*u. Give n(w).
6
Let l(m) = -2*m**3 + 9*m**2 + 1 + 8378*m - 4*m**2 - 8382*m. Calculate l(3).
-20
Let p(z) = 4*z**3 - 11*z**2 + z - 3. Let g(x) = 4*x**2 - 6*x - 15. Let j be g(3). Give p(j).
9
Let u(b) = -b**3 + 17*b**2 - 40. Let r(v) = -v**3 + 5*v**2 + 33*v - 100. Let w be r(3). What is u(w)?
-40
Let g(x) = -13*x**3 - 8*x**2 - 42*x - 1. Let f(k) = -6*k**3 - 4*k**2 - 19*k - 1. Let w(s) = 11*f(s) - 5*g(s). Give w(3).
-66
Suppose 2*g + 3 = -g, 4*w - 2*g = 14. Let j(l) = -l**3 + l**2 - l + 6. Determine j(w).
-15
Let a(n) = 8*n**2 - 46530*n + 5 + 0*n**3 + n**3 + 46536*n. Determine a(-7).
12
Suppose -6*r = c - 7*r - 3, -2*r - 6 = 3*c. Let q(w) be the third derivative of -14*w**2 - 1/60*w**5 + 5/6*w**3 + c*w**4 + 0*w + 0 + 1/120*w**6. Give q(0).
5
Suppose 3*x - 3 = 4*x. Let i(b) = 0*b**2 + 3 + 1055563*b + b**3 - 2111120*b + 1055558*b + 2*b**2. Calculate i(x).
-9
Let b(o) = -3*o**2 - 3*o. Suppose 0 = -j - 72 + 71. Let m be 4/(j - -4 - 1). Determine b(m).
-18
Let f be (-2)/9 - (-6092)/36. Let t(j) = 6*j - 194 + 20*j + f - 7*j - j**2. Determine t(18).
-7
Let b(p) be the second derivative of 3 + 1/6*p**3 + 3*p + 1/12*p**4 - 2*p**2. Determine b(-5).
16
Let f be 6/5 + (-288)/40. Let k(t) = t**3 + 2 - t**3 - 5*t - 11*t**2 - t**3 + 5*t**2. Calculate k(f).
32
Let k(f) be the second derivative of -2*f**3/3 - 33*f**2 - 260*f - 7. Determine k(-13).
-14
Suppose -246*a - 235 = -293*a. Let g(i) = -9*i + 3. Calculate g(a).
-42
Let i(h) = h**3 - h**2 + 2. Let a(b) = -20*b - 199. Let n(m) = -50*m - 498. Let w(s) = -12*a(s) + 5*n(s). Let v be w(-10). Calculate i(v).
-10
Let v(a) = a**3 + 5*a**2 - 6*a + 2. Let i be (-3)/((-84)/(-160)) - (-2)/(-7). Let f be v(i). Let p(n) = 9*n + n**2 + 0*n - 2*n - f. What is p(-7)?
-2
Let g = -172 - -69. Let s = 106 + g. Let t(u) = -u - 2*u**2 - 78 + 0*u**s + 76 - u**3. What is t(-2)?
0
Let m(j) = 11*j**2 + 5*j - 12. Let r(k) = 30778*k**2 + 2*k + k - 30773*k**2 - 5. Let z(h) = -4*m(h) + 9*r(h). Calculate z(-6).
-3
Let v = -6300 + 6298. Let t(r) = 2*r**3 - 5*r - 3. What is t(v)?
-9
Let t(i) = i**3 - i**2 + i - 1. Let r(k) = 6*k**3 - 5*k**2 + 11*k + 1. Let x(g) = r(g) - 7*t(g). What is x(4)?
-8
Let r(b) = 0 - 5*b + 3 + 3*b - 3*b - 3*b - 2*b**2. Let u be r(-5). Let o(q) = q**3 + 7*q**2 + 6. Give o(u).
6
Let a(i) = -i**2 + 7*i + 4. Suppose 0 = 5*q + 4*c - 25, 3*q + 3*c = -2*q + 20. Suppose 4*s - 2*s + q = -3*l, -l - 19 = -2*s. What is a(s)?
4
Suppose -4*u - 5 + 15 = 3*v, -v = 2*u - 4. Let n(d) = 2 - 4 + 2*d**2 - 116*d + 115*d - 3*d**v. Calculate n(-3).
-8
Let g be (-1)/((-5)/4 + 1). Suppose 11*o - g = 13*o. Let s be (-35)/21 - o/(-18)*3. Let m(l) = -2*l**3 + 4*l + 3. Give m(s).
11
Let y be 6/27 + (-860)/387. Let w(n) = -n + 6. What is w(y)?
8
Let p(k) = -k**3 - 7*k**2 - 7*k + 1. Suppose -5*c - n + 15 = -4*c, -51 = -5*c + n. Suppose -3*r = -61 - c. Let l be 1/(3 + (-76)/r). Calculate p(l).
7
Let u be (-3 + (-52)/(-16))*1060. Let p = -255 + u. Let k(t) = -5*t + 10. Let m(w) = -4*w + 11. Let q(z) = -2*k(z) + 3*m(z). Determine q(p).
-7
Let n(v) be the third derivative of 0*v + 64*v**2 + 0 + 5/24*v**4 + 1/6*v**3. Calculate n(-2).
-9
Let r(h) be the second derivative of -h**4/6 - 6*h**3 + 17*h**2 - 3044*h - 1. Give r(-19).
-4
Let b(d) = -2*d**3 - 76*d**2 - 60*d + 48. Let v be b(-37). Let f = -462 - v. Let z(l) = -l**3 + 8*l**2 - 2*l + 11. Determine z(f).
-5
Let y(m) be the third derivative of -1/30*m**5 - 18*m**2 - 3/20*m**6 + 0*m**3 + 1 + 1/24*m**4 + 0*m. Give y(1).
-19
Let i(f) = -9*f**3 - 5*f**2 - 4*f - 6. Let a(q) = 41*q**3 + 20*q**2 + 19*q + 25. Let u(b) = 2*a(b) + 9*i(b). Let p = 2 - -1. Let y = 7 - p. What is u(y)?
-12
Suppose 5*r = b + 2, 0*r + 6 = -4*r - 3*b. Suppose 2 = -3*y + 2*l + 1, r = -y - 3*l - 15. Let f(c) = -c**3 - 2*c**2 + 4*c - 1. Calculate f(y).
-4
Let u(c) = 2*c**3 + 3*c**2 - 28 - 2*c**2 + 11 + 18. Let n(p) = -11*p**3 - 11*p**2 - 3*p. Let s(v) = n(v) + 6*u(v). Give s(5).
-9
Let x be (-2)/16*34 + 8 + (-350)/40. Let j(g) = g**2 + 7*g + 4. Calculate j(x).
-6
Let x(t) = -t. Let r(q) = 5*q - 2. Let y(d) = r(d) + 6*x(d). Suppose -12*o + 73 = -5*l, -47 + 40 = -3*o - l. What is y(o)?
-6
Let j(f) = 38*f + 4. Let q(v) = -v**3 - 66*v**2 - 63*v + 129. Let a be q(-65). Calculate j(a).
-34
Let r(p) be the first derivative of p**3/3 + 7*p**2/2 + 4*p + 39. Let z be r(-6). Let n(u) = u - 1. What is n(z)?
-3
Let r(p) = -p - 22. Let k(z) = 7*z**2 + 38*z - 14. Let s be k(-8). Suppose -s = 15*v - 5*v. Give r(v).
-9
Let p = -515 + 513. Let k(n) = -15*n**2 + 13*n**2 + 0 + 2 - n. What is k(p)?
-4
Let f(z) = 19*z - 332. Let i(d) = -6*d + 109. Let o(p) = -2*f(p) - 7*i(p). Let g be o(25). Let x(m) = 6*m - 1 - 2*m - 2*m. What is x(g)?
1
Let v(q) = -31*q + 432. Let j be v(14). Let p(x) = -3*x**2 - 5*x - 7. What is p(j)?
-9
Let g(j) = -j**3 + 15*j**2 - 5*j - 112. Suppose 8*d - 10*d + 32 = -2*h, 5*h = 3*d - 52. Give g(d).
14
Let c be (40/(-12))/((-8)/24). Let z(u) = 7 + c*u**2 - 6*u**2 - 5*u**2 - 14*u. Give z(-14).
